5*f = 5*a + 380, 0*f - f + 70 = 5*a. Suppose -b + 46 = -p + 3*b, -5*b = -5*p - 170. Let s = f + p. What is the highest common divisor of 9 and s?
9
Let d(z) be the first derivative of -z**3/3 - 17*z**2/2 + 6*z - 39. Let p = -36 - -25. Let a be d(p). What is the highest common factor of a and 18?
18
Suppose 22*x - 216 = 10*x. What is the highest common divisor of x and 189?
9
Let v = -20 + 20. Suppose 0 = -v*p + 4*p - 52. Suppose p - 7 = 3*s. Calculate the highest common divisor of s and 14.
2
Let f = 1 + 1. Suppose 3*a - 556 = -p - p, f*a - 4*p = 344. What is the greatest common divisor of a and 26?
26
Suppose 33 + 17 = 5*h. Calculate the greatest common factor of h and 70.
10
Let y be (230 + -2)/2*1. What is the greatest common factor of 171 and y?
57
Let v = 14 - 12. Let a(s) = -4 + 5*s**2 - 5*s**2 + s**2 + s + 5*s. Let b be a(-7). Calculate the highest common divisor of b and v.
1
Let f(t) = t + 8. Let j be f(0). Suppose 80 = 3*l - 2*s, -51 = -3*l - 4*s + 41. What is the greatest common factor of j and l?
4
Let n(i) = i**3 - 14*i**2 + 12*i + 16. Let c be n(13). Suppose 5*z - 5*f = 25, -3*f = -0*f + c. What is the highest common factor of 6 and z?
2
Let r(c) = 6*c - 1271 + 61*c + 1263. Let i be r(2). Calculate the highest common divisor of i and 18.
18
Let y(h) = h**2 - 9*h + 19. Let v be y(6). Let g(s) be the first derivative of 3*s**2 - s - 1. Let l be g(2). Calculate the greatest common divisor of v and l.
1
Suppose 5*o - 4*c - 3821 = 0, -2*c = -0*o + 5*o - 3827. What is the greatest common divisor of o and 45?
45
Suppose -201*l - 27 = -204*l. Calculate the highest common divisor of 261 and l.
9
Let y be 45/2*(-680)/(-306). Calculate the highest common factor of y and 450.
50
Let f be 22 - (-1 + (-15)/3). What is the greatest common factor of f and 21?
7
Let j(y) = -y**3 - 13*y**2 + 3*y - 23. Let x be j(-11). Let f = x + 514. Calculate the highest common divisor of 24 and f.
24
Let c(i) = -3*i**3 - i**2 + i + 1. Suppose -5*j + 0 - 5 = 0. Let f be c(j). Suppose t + 3 = -f, 2*t + 1 = -s. Calculate the highest common factor of 36 and s.
9
Let y be -2 + -3 + -4 + 23. Suppose -3*r + 8*r - 10 = 0. What is the highest common divisor of r and y?
2
Let a = -1294 + 3590. Calculate the highest common divisor of 56 and a.
56
Suppose -5*a + 5 - 14 = -z, 2*a = -5*z + 72. Let q(d) = d**2 - 14*d + 14. Let k be q(z). What is the highest common factor of 70 and k?
14
Suppose 163 = 2*d + 139. Calculate the highest common divisor of d and 138.
6
Let z = 15 - 12. Let p(x) = 4*x**3 + 2*x**2 - x. Let i be p(1). Let m be 6 - (i + 0 - 2). Calculate the greatest common factor of m and z.
3
Let w be (116/(-6))/(4/(-6)). Suppose -n - 639 = 128*r - 130*r, 3*r - 4*n = 961. What is the greatest common factor of r and w?
29
Let y = -928 - -984. What is the highest common factor of 224 and y?
56
Let q = 128 + -91. Let r = 23 + q. Suppose u + 2*u + 3*a - 69 = 0, 2*u + 4*a - 44 = 0. Calculate the highest common divisor of r and u.
12
Suppose 5*a + 2*n - 737 = 5*n, 3*a - n = 443. Suppose 5*f + 59*c = 58*c + 191, 3*f = 3*c + 93. What is the greatest common factor of f and a?
37
Let d(o) be the third derivative of -o**4/24 + 7*o**3/3 - 7*o**2. Let p be d(6). Calculate the greatest common divisor of 12 and p.
4
Suppose c = 4*l + 16, 3*l - 11 = -c + 2*l. Let t = 44 - c. Calculate the greatest common divisor of 48 and t.
16
Let c(p) = -5*p - 5. Let y be c(-7). Suppose -2*x + 96 = -8*x. Let q = 26 + x. Calculate the greatest common factor of q and y.
10
Let u = -25 - -16. Let r = 27 + u. Let m = r + -9. What is the highest common divisor of 27 and m?
9
Suppose 9*q = 1062 - 162. What is the highest common factor of q and 650?
50
Suppose 5 = 2*y - y. Suppose 3*u = y*u - 176. Suppose -45 = -5*s + v, -2*s + 15 = 3*s + 5*v. Calculate the greatest common factor of s and u.
8
Let o be (4/(-3))/(2/(-24)). Let x(a) = 377*a + 802. Let t be x(-2). What is the highest common factor of o and t?
16
Suppose 0 = 54*v - 45*v - 1530. Suppose -3*n - 13 = -43. Calculate the greatest common divisor of n and v.
10
Suppose -286 = 5*u - 7*u. Let f be -2 + (-186)/(-14) - 48/168. What is the highest common factor of u and f?
11
Let u be -1 - ((-6)/(-3) - 7). Suppose -58 = -4*l - 9*d + 14*d, -l + 6 = 3*d. What is the highest common divisor of l and u?
4
Suppose -130*u + 30 = -128*u. Calculate the greatest common factor of u and 635.
5
Let o = -1100 - -1116. Let v be -1 - 0/(-4 - -2). Let z be (v + -1)/((-5)/440). Calculate the highest common divisor of z and o.
16
Let x(i) = 3*i - 3. Let g be x(2). Suppose 27 = g*c + 3. Let k be 6/(-9) - (-170)/3. Calculate the highest common divisor of k and c.
8
Let u = -2 - -4. Let d be 7 + (0 - u) + 4. Let l = 170 - 161. What is the greatest common divisor of d and l?
9
Suppose 22*t - 10*t = 11*t. Let j = -2 - -2. Suppose 3*x + j*x - 48 = t. Calculate the greatest common factor of x and 80.
16
Let l be (18/10)/(-3) + (-377)/(-145). What is the highest common divisor of l and 13?
1
Let u = 18 - 15. Suppose 0 = -u*i + 56 - 14. What is the highest common divisor of 21 and i?
7
Let a(i) = 35 - 53 + 11*i - 35. Let k be a(8). What is the greatest common divisor of 70 and k?
35
Suppose 5*r = 10*r - 85. Calculate the highest common factor of r and 1003.
17
Suppose 5*z = -4*l - 0*z + 33, -63 = -4*l + 5*z. Let k be 11 + 3/(0 + 3). What is the highest common divisor of k and l?
12
Let f(g) = 2*g**2 + 20*g + 19. Let h be f(-9). Calculate the highest common factor of 23 and h.
1
Let p(y) = 4*y + 1. Let n be p(1). Let o be 0 + (-5)/5 - -3. Suppose n*d - 8*w = -3*w + 385, -o*w = 4*d - 302. Calculate the highest common divisor of d and 19.
19
Let j be (1/(25/90))/(18/1440). Calculate the highest common factor of 324 and j.
36
Suppose -16*j + 13*j = -174. Calculate the greatest common divisor of j and 261.
29
Suppose 93 - 760 = -w. What is the highest common factor of 29 and w?
29
Let j = -99 + 113. Let l(y) = 4*y**2 - 6*y + 4. Let c be l(6). What is the greatest common factor of j and c?
14
Let c = -80 - -85. Suppose -q = 3*t - 91, -3*q = c*t - 2*q - 151. Suppose -2*d - 2*d + 840 = 0. What is the highest common divisor of t and d?
30
Suppose -11*z + 103 = 15. Calculate the greatest common divisor of 736 and z.
8
Let h = 135 + -99. Suppose -3*z - z = -1584. What is the highest common divisor of h and z?
36
Suppose -473*n + 491*n = 144. Calculate the greatest common divisor of n and 1816.
8
Suppose 5*h = 5*l + 60, 6*l - 4 = 2*l. Suppose 3*v - 2*m - 41 = 0, -44 = -3*v - 0*v + 5*m. What is the highest common divisor of v and h?
13
Let x = -1780 - -1816. Calculate the greatest common factor of x and 300.
12
Suppose 0 = -6*w + 8*w - 14. Let f be 2/w + (-1215)/(-35). Calculate the greatest common divisor of 315 and f.
35
Let u = 982 - 976. Calculate the greatest common divisor of 24 and u.
6
Let v(w) = 131*w**2 - w. Let h be v(1). Let l be 2/8*12 + 1*23. Calculate the highest common divisor of h and l.
26
Let a = -435 + 903. What is the highest common factor of a and 54?
18
Let m be (-36)/30 + (-4)/5. Let z(b) = -2*b**3 - 3*b - 3. Let l be z(m). Let y = l + -8. What is the highest common factor of 22 and y?
11
Suppose -5*j + 3*n = -171, -4*n - 154 = -5*j + 14. Calculate the highest common divisor of 12 and j.
12
Let i = -51 - -52. Let n be -120*((6/(-4) - i) + 2). Calculate the highest common factor of n and 40.
20
Let j be (-2*1)/(4/2). Let a be (7 - (j - -2)) + 0. Suppose 3*y - 14 = 4. What is the greatest common divisor of a and y?
6
Suppose 282*l = 253*l + 638. Let h(z) = z**2 - 2. Let t be h(-2). What is the highest common divisor of l and t?
2
Let l = -44 + 48. Suppose -2*v - l*s = -0*v - 88, 0 = v + 4*s - 38. What is the greatest common divisor of v and 20?
10
Suppose -b = -5*o - 236, 9 - 199 = 4*o - 2*b. Let m = 54 + o. Calculate the highest common factor of m and 49.
7
Suppose d + 6 = 9. Suppose -3*r + d*t = -99, -4*t - 3 = 9. What is the greatest common factor of 30 and r?
30
Suppose -8 = -q - q. Suppose b - q = 5*g - 1, 4*b = 4*g + 28. What is the greatest common divisor of 88 and b?
8
Let v = -3 + 5. Suppose -25 = -d - 5*m, 4*m - 4 - 22 = -v*d. Suppose 0 = 11*l + 59 - 70. What is the greatest common divisor of d and l?
1
Suppose 2*p = -2*p + 36. Suppose -7 - p = 4*j. Let k(r